st common factor of 109 and 49159.
109
Calculate the greatest common divisor of 16304 and 24.
8
What is the greatest common divisor of 80 and 508792?
8
What is the highest common divisor of 313764 and 660?
132
Calculate the greatest common factor of 995218 and 469.
469
Calculate the highest common factor of 2298 and 2082.
6
What is the greatest common factor of 14968 and 192?
8
What is the greatest common divisor of 2969588 and 236?
236
What is the highest common divisor of 55 and 5049?
11
Calculate the highest common divisor of 32 and 325488.
16
What is the greatest common divisor of 48 and 477012?
12
What is the highest common divisor of 58557 and 1572?
393
What is the greatest common factor of 8 and 81?
1
Calculate the highest common factor of 151468 and 836.
76
What is the highest common factor of 20574 and 635?
127
Calculate the greatest common factor of 446875 and 572.
143
Calculate the highest common divisor of 3072828 and 33.
33
Calculate the greatest common divisor of 220698 and 244.
122
Calculate the highest common divisor of 15543 and 99.
99
Calculate the highest common divisor of 4606803 and 9.
9
Calculate the highest common factor of 14625 and 819.
117
What is the greatest common divisor of 51 and 324669?
3
What is the highest common factor of 796 and 310639?
199
Calculate the highest common factor of 4897121 and 1167.
389
What is the greatest common factor of 150 and 14010?
30
What is the greatest common factor of 36311 and 33?
11
Calculate the highest common factor of 6798 and 44.
22
What is the highest common factor of 2728 and 3626194?
682
What is the greatest common divisor of 82825 and 275?
25
Calculate the greatest common divisor of 66240 and 989.
23
Calculate the highest common divisor of 16 and 66916.
4
Calculate the highest common divisor of 3822 and 1221402.
546
What is the highest common factor of 169 and 46852?
13
What is the highest common factor of 1579862 and 406?
58
What is the highest common divisor of 1954 and 20?
2
Calculate the greatest common factor of 600 and 299850.
150
Calculate the greatest common factor of 52854 and 2484.
138
What is the greatest common factor of 5671665 and 15?
15
What is the greatest common divisor of 754506 and 502?
502
What is the highest common factor of 153 and 519?
3
Calculate the greatest common divisor of 29 and 625.
1
Calculate the greatest common divisor of 184299 and 345.
69
What is the highest common factor of 4634 and 119?
7
What is the greatest common divisor of 2268 and 75492?
324
Calculate the highest common divisor of 94518 and 243.
9
What is the greatest common divisor of 1644 and 672?
12
Calculate the highest common factor of 4131 and 833.
17
Calculate the highest common divisor of 27221 and 978.
163
What is the greatest common divisor of 783 and 144333?
261
What is the highest common divisor of 20 and 15896?
4
Calculate the highest common divisor of 1350 and 432.
54
Calculate the highest common factor of 28 and 18.
2
What is the highest common factor of 67861 and 79?
79
What is the highest common factor of 1476 and 1692?
36
Calculate the greatest common factor of 268410 and 60.
30
Calculate the greatest common divisor of 13902 and 182.
14
What is the greatest common divisor of 5792 and 56?
8
Calculate the highest common factor of 155857 and 5048.
631
Calculate the highest common factor of 24224 and 864.
32
Calculate the highest common factor of 182 and 24778.
26
What is the greatest common factor of 15 and 5446?
1
What is the highest common factor of 39 and 143403?
39
What is the highest common divisor of 8967 and 1008?
21
What is the greatest common factor of 212 and 440854?
106
What is the greatest common factor of 10 and 1193365?
5
What is the highest common factor of 870 and 205?
5
What is the greatest common divisor of 171455 and 106?
53
Calculate the highest common factor of 3591 and 54663.
399
What is the greatest common divisor of 767130 and 1092?
546
What is the highest common factor of 345 and 261165?
345
Calculate the highest common factor of 589325 and 1430.
55
Calculate the greatest common divisor of 476 and 896.
28
Calculate the highest common factor of 61411 and 1085.
217
Calculate the greatest common factor of 3 and 449.
1
Calculate the greatest common divisor of 497 and 360467.
71
What is the greatest common factor of 413 and 14101?
59
What is the greatest common factor of 667 and 17526?
23
Calculate the greatest common divisor of 8517 and 35547.
51
Calculate the greatest common divisor of 143668 and 49.
49
What is the greatest common divisor of 219 and 69423?
219
What is the highest common divisor of 273 and 56595?
21
Calculate the greatest common divisor of 299090 and 3520.
110
Calculate the highest common factor of 325 and 8775.
325
What is the greatest common factor of 22933 and 324683?
1207
Calculate the highest common factor of 561 and 494637.
33
Calculate the highest common factor of 37 and 269.
1
What is the highest common factor of 90 and 51930?
90
Calculate the highest common factor of 24231 and 1599.
123
Calculate the greatest common divisor of 893 and 25662.
47
Calculate the highest common divisor of 80 and 31393840.
80
Calculate the highest common divisor of 22326 and 102.
6
What is the highest common factor of 37264 and 1292?
68
What is the greatest common divisor of 230970 and 270?
30
Calculate the greatest common factor of 59 and 380078.
59
What is the highest common divisor of 245 and 2162027?
49
Calculate the highest common factor of 577037 and 849.
283
What is the greatest common divisor of 377 and 368387?
29
What is the highest common factor of 99 and 645887?
11
What is the highest common divisor of 75 and 664025?
25
What is the highest common divisor of 35378 and 190?
38
Calculate the highest common factor of 167286 and 7.
7
Calculate the highest common divisor of 2736 and 416736.
144
What is the greatest common factor of 3 and 830472?
3
What is the greatest common factor of 16 and 112604?
4
What is the highest common factor of 24 and 666156?
12
What is the greatest common factor of 2080 and 440?
40
Calculate the highest common factor of 1508 and 75864.
116
What is the highest common divisor of 3672 and 816?
408
What is the highest common factor of 12 and 7278?
6
Calculate the highest common factor of 31 and 1076537.
31
Calculate the greatest common factor of 275 and 21802.
11
What is the highest common factor of 500 and 1374250?
250
What is the highest common factor of 26985 and 210?
105
What is the highest common factor of 810 and 148?
2
Calculate the highest common divisor of 95488 and 8192.
256
Calculate the greatest common divisor of 1044 and 864.
36
What is the greatest common factor of 63 and 10941?
21
Calculate the highest common divisor of 2571 and 5132573.
857
Calculate the greatest common factor of 6 and 1424334.
6
What is the greatest common divisor of 2064 and 21552?
48
Calculate the highest common factor of 119 and 95761.
17
Calculate the highest common factor of 637 and 7497.
49
Calculate the highest common divisor of 1836 and 198.
18
What is the greatest common factor of 542 and 45257?
271
Calculate the highest common factor of 178 and 283198.
178
What is the greatest common factor of 46 and 4686894?
46
Calculate the highest common divisor of 5 and 58945.
5
Calculate the highest common divisor of 1159532 and 22.
22
Calculate the greatest common divisor of 403720 and 310.
10
Calculate the greatest common factor of 152392 and 10320.
344
Calculate the greatest common divisor of 157410 and 265.
265
What is the greatest common divisor of 279 and 515313?
279
What is the greatest common factor of 37490 and 1150?
230
What is the greatest common factor of 1465 and 1547040?
1465
Calculate the highest common factor of 113841 and 351.
117
What is the highest common factor of 38 and 116679?
19
Calculate the highest common factor of 1340635 and 1325.
265
Calculate the highest common divisor of 84 and 34512.
12
What is the highest common divisor of 504123 and 6501?
591
Calculate the highest common divisor of 1351 and 2227799.
1351
What is the greatest common divisor of 266324 and 30580?
556
Calculate the greatest common divisor of 31032 and 4310.
862
Calculate the highest common factor of 19967 and 74024.
487
What is the hi